{"id":9,"date":"2020-07-01T14:20:43","date_gmt":"2020-07-01T12:20:43","guid":{"rendered":"https:\/\/alsmg66.wordpress.com\/?page_id=8"},"modified":"2023-11-02T11:14:26","modified_gmt":"2023-11-02T10:14:26","slug":"ogs","status":"publish","type":"page","link":"http:\/\/www.als-mg.de\/index.php\/ogs\/","title":{"rendered":"OGS"},"content":{"rendered":"\n<p class=\"has-text-align-left\">Der offene Ganztag an der Astrid-Lindgren-Schule besteht aus 3 Gruppen \u00e1 27 Kinder. Seit August 2020 leben und lernen die Kindern in dem an die Schule angrenzenden Neubau. Der p\u00e4dagogische Schwerpunkt liegt in der gezielten Hausaufgabenbetreuung, dem gemeinsamen Mittagessen und in der vielf\u00e4ltigen Freizeitgestaltung durch AG-Angebote. <\/p>\n\n\n\n<p class=\"has-vivid-red-color has-text-color has-medium-font-size\"><strong>flexible Abholzeiten t\u00e4glich ab 15 Uhr<\/strong><\/p>\n\n\n\n<p><\/p>\n\n\n\n<p class=\"has-vivid-green-cyan-color has-text-color has-medium-font-size\"><strong>Ferienzeiten<\/strong><\/p>\n\n\n\n<p>In den Ferien ist die OGS zu folgenden Zeiten ge\u00f6ffnet:<\/p>\n\n\n\n<ul><li>die erste Woche in den <em><strong>Osterferien<\/strong><\/em><\/li><li>die ersten drei Wochen in den <strong><em>Sommerferien<\/em><\/strong><\/li><li>die zweite Woche in den <em><strong>Herbstferien<\/strong><\/em><\/li><li>in den <em><strong>Weihnachtsferien<\/strong><\/em> bleibt die OGS zwischen Weihnachten und Neujahr <strong>geschlossen<\/strong>.<\/li><\/ul>\n\n\n\n<p><\/p>\n\n\n\n<p>Sie haben frei oder m\u00f6chten mehr Zeit mit Ihrem Kind verbringen? Dann interessiert sie sicherlich die flexible Abholzeit. Zwischen 15 Uhr und 16 Uhr k\u00f6nnen Sie Ihr Kind jederzeit in der OGS abholen. <\/p>\n\n\n\n<p><strong>Hausaufgabenbetreuung<\/strong><\/p>\n\n\n\n<p>Die Hausaufgabenbetreuung wird von den Betreuerinnen geleitet. Zus\u00e4tzlich werden 9 Wochenstunden von Lehrkr\u00e4ften abgedeckt. Die Kinder erhalten  die Gelegenheit, in entspannter und ruhiger Atmosph\u00e4re ihre Hausaufgaben zu erledigen. Bei Fragen stehen die Betreuerinnen beratend zur Seite.  Sie als Eltern erhalten eine t\u00e4gliche R\u00fcckmeldung (R\u00fcckmeldebogen) wie und in welchem Umfang Ihr Kind seine Hausaufgaben bearbeitet hat.   <\/p>\n\n\n\n<p><\/p>\n\n\n\n<p><strong>Mittagessen<\/strong> <\/p>\n\n\n\n<p>Das Mittagessen wird von einem nahegelegenen Catering-Service geliefert. Es gibt 3 verschiedene Essenszeiten f\u00fcr unsere Sch\u00fcler*innen. W\u00e4hrend des Essens werden sie von einer Betreuungskraft betreut. Beim Mittagessen legen wir Wert auf die Einhaltung folgender Tischregeln:   <\/p>\n\n\n\n<p>Ich sitze aufrecht am Tisch. Ich esse mit Messer und Gabel. Ich nehme mir zun\u00e4chst soviel wie ich essen kann. Ich nehme R\u00fccksicht auf andere, die essen. Ich sch\u00e4tze Lebensmittel wert. <\/p>\n\n\n\n<p>Am Nachmittag werden saisonales Obst und Getr\u00e4nke angeboten.                                                                                                                             <\/p>\n\n\n\n<p><\/p>\n\n\n\n<p><strong>Freies Spiel<\/strong><\/p>\n\n\n\n<p>Wer mit den Hausaufgaben fertig ist und kein AG-Angebot nutzt, kann spielen, malen oder basteln. Materialien liegen f\u00fcr die Kinder immer bereit. Gro\u00dfen Wert wird in der OGS auf Selbstst\u00e4ndigkeit, Konfliktf\u00e4higkeit und soziales Miteinander gelegt. Das freie Spiel erm\u00f6glicht den Kindern, eigene Ideen, Fantasien und eigene Handlungsweisen auszuprobieren. Auch hier gibt es Regeln, die das soziale Miteinander gelingen lassen.<\/p>\n\n\n\n<p><\/p>\n\n\n\n<p><strong>AG-Angebote<\/strong><\/p>\n\n\n\n<p>Die OGS bietet in Kooperation mit verschiedenen Partnern (Tr\u00e4gern, Vereinen) diverse Arbeitsgemeinschaften an. Die AGs finden nach M\u00f6glichkeit nach Erledigung der Hausaufgaben statt. Das Angebot kann im Laufe eines Schuljahres variieren. Durch die Arbeitsgemeinschaften werden die unterschiedlichen Begabungen kreativer, sportlicher, musischer sowie kognitiver Art gef\u00f6rdert.<\/p>\n\n\n\n<p>In Absprache mit den Eltern w\u00e4hlen die Kinder maximal 2 AG-Angebote aus. Die Anmeldung erfolgt schriftlich f\u00fcr den f\u00fcr die AG festgelegten Zeitraum.  <\/p>\n\n\n\n<p><\/p>\n\n\n\n<p><p style=\"font-size:22px;\"><strong>OGS- Personal<\/strong><\/p><\/p>\n\n\n\n<figure class=\"wp-block-image size-full is-resized is-style-rounded\"><img loading=\"lazy\" src=\"http:\/\/www.als-mg.de\/wp-content\/uploads\/2022\/06\/image0-1.jpeg\" alt=\"\" class=\"wp-image-1139\" width=\"448\" height=\"336\" srcset=\"http:\/\/www.als-mg.de\/wp-content\/uploads\/2022\/06\/image0-1.jpeg 1024w, http:\/\/www.als-mg.de\/wp-content\/uploads\/2022\/06\/image0-1-300x225.jpeg 300w, http:\/\/www.als-mg.de\/wp-content\/uploads\/2022\/06\/image0-1-768x576.jpeg 768w, http:\/\/www.als-mg.de\/wp-content\/uploads\/2022\/06\/image0-1-863x647.jpeg 863w, http:\/\/www.als-mg.de\/wp-content\/uploads\/2022\/06\/image0-1-144x108.jpeg 144w\" sizes=\"(max-width: 448px) 100vw, 448px\" \/><\/figure>\n\n\n\n<p class=\"has-normal-font-size\"><strong>Gruppe 1: <\/strong>  J. Dommr\u00f6se  <sub>(Gruppenleitung, 4. von links)<\/sub><\/p>\n\n\n\n<p><strong>Gruppe 2:<\/strong>   A. Saurwein   <sub>(Gruppenleitung, 3. von rechts)<\/sub><\/p>\n\n\n\n<p><strong>Gruppe 3:<\/strong>   M. Fenten   <sub>   (Gruppenleitung, 2. von links)<\/sub><\/p>\n\n\n\n<p><\/p>\n\n\n\n<div class=\"wp-block-file\"><a href=\"http:\/\/www.als-mg.de\/wp-content\/uploads\/2022\/06\/OGS_Konzept.neu_.pdf\">OGS-Konzept<\/a><a href=\"http:\/\/www.als-mg.de\/wp-content\/uploads\/2022\/06\/OGS_Konzept.neu_.pdf\" class=\"wp-block-file__button\" download>PDF-Datei<\/a><\/div>\n\n\n\n<p><\/p>\n","protected":false},"excerpt":{"rendered":"<p>Der offene Ganztag an der Astrid-Lindgren-Schule besteht aus 3 Gruppen \u00e1 27 Kinder. Seit August 2020 leben und lernen die Kindern in dem an die Schule angrenzenden Neubau. Der p\u00e4dagogische Schwerpunkt liegt in der gezielten Hausaufgabenbetreuung, dem gemeinsamen Mittagessen und in der vielf\u00e4ltigen Freizeitgestaltung durch AG-Angebote. flexible Abholzeiten t\u00e4glich ab 15 Uhr Ferienzeiten In den &hellip; <a href=\"http:\/\/www.als-mg.de\/index.php\/ogs\/\" class=\"more-link\"><span class=\"screen-reader-text\">OGS<\/span> weiterlesen<\/a><\/p>\n","protected":false},"author":2,"featured_media":0,"parent":0,"menu_order":0,"comment_status":"closed","ping_status":"closed","template":"","meta":[],"_links":{"self":[{"href":"http:\/\/www.als-mg.de\/index.php\/wp-json\/wp\/v2\/pages\/9"}],"collection":[{"href":"http:\/\/www.als-mg.de\/index.php\/wp-json\/wp\/v2\/pages"}],"about":[{"href":"http:\/\/www.als-mg.de\/index.php\/wp-json\/wp\/v2\/types\/page"}],"author":[{"embeddable":true,"href":"http:\/\/www.als-mg.de\/index.php\/wp-json\/wp\/v2\/users\/2"}],"replies":[{"embeddable":true,"href":"http:\/\/www.als-mg.de\/index.php\/wp-json\/wp\/v2\/comments?post=9"}],"version-history":[{"count":9,"href":"http:\/\/www.als-mg.de\/index.php\/wp-json\/wp\/v2\/pages\/9\/revisions"}],"predecessor-version":[{"id":1417,"href":"http:\/\/www.als-mg.de\/index.php\/wp-json\/wp\/v2\/pages\/9\/revisions\/1417"}],"wp:attachment":[{"href":"http:\/\/www.als-mg.de\/index.php\/wp-json\/wp\/v2\/media?parent=9"}],"curies":[{"name":"wp","href":"https:\/\/api.w.org\/{rel}","templated":true}]}}