{"id":121,"date":"2020-07-02T21:04:48","date_gmt":"2020-07-02T19:04:48","guid":{"rendered":"https:\/\/alsmg66.wordpress.com\/?page_id=121"},"modified":"2026-03-17T19:01:39","modified_gmt":"2026-03-17T18:01:39","slug":"ag-angebote","status":"publish","type":"page","link":"http:\/\/www.als-mg.de\/index.php\/ag-angebote\/","title":{"rendered":"AG-Angebote"},"content":{"rendered":"\n<p>Diese Seite wird zu Beginn des Schuljahres aktualisiert. Die AG-Angebote h\u00e4ngen im Schuljahr 2025\/2026 von den aktuellen Corona-Beschr\u00e4nkungen ab.<\/p>\n\n\n\n<p>Die Astrid-Lindgren-Schule bietet im regul\u00e4ren Schulbetrieb AG-Angebote an. Hier sehen Sie eine Auswahl:  Fu\u00dfball-AG, Schach-AG, Natur-AG. Die Angebote variieren in jedem Schuljahr und sind abh\u00e4ngig von den personellen M\u00f6glichkeiten der Schule.<\/p>\n","protected":false},"excerpt":{"rendered":"<p>Diese Seite wird zu Beginn des Schuljahres aktualisiert. Die AG-Angebote h\u00e4ngen im Schuljahr 2025\/2026 von den aktuellen Corona-Beschr\u00e4nkungen ab. Die Astrid-Lindgren-Schule bietet im regul\u00e4ren Schulbetrieb AG-Angebote an. Hier sehen Sie eine Auswahl: Fu\u00dfball-AG, Schach-AG, Natur-AG. Die Angebote variieren in jedem Schuljahr und sind abh\u00e4ngig von den personellen M\u00f6glichkeiten der Schule.<\/p>\n","protected":false},"author":2,"featured_media":0,"parent":0,"menu_order":0,"comment_status":"closed","ping_status":"closed","template":"","meta":[],"_links":{"self":[{"href":"http:\/\/www.als-mg.de\/index.php\/wp-json\/wp\/v2\/pages\/121"}],"collection":[{"href":"http:\/\/www.als-mg.de\/index.php\/wp-json\/wp\/v2\/pages"}],"about":[{"href":"http:\/\/www.als-mg.de\/index.php\/wp-json\/wp\/v2\/types\/page"}],"author":[{"embeddable":true,"href":"http:\/\/www.als-mg.de\/index.php\/wp-json\/wp\/v2\/users\/2"}],"replies":[{"embeddable":true,"href":"http:\/\/www.als-mg.de\/index.php\/wp-json\/wp\/v2\/comments?post=121"}],"version-history":[{"count":1,"href":"http:\/\/www.als-mg.de\/index.php\/wp-json\/wp\/v2\/pages\/121\/revisions"}],"predecessor-version":[{"id":1760,"href":"http:\/\/www.als-mg.de\/index.php\/wp-json\/wp\/v2\/pages\/121\/revisions\/1760"}],"wp:attachment":[{"href":"http:\/\/www.als-mg.de\/index.php\/wp-json\/wp\/v2\/media?parent=121"}],"curies":[{"name":"wp","href":"https:\/\/api.w.org\/{rel}","templated":true}]}}