{"id":1146,"date":"2022-06-30T13:05:59","date_gmt":"2022-06-30T11:05:59","guid":{"rendered":"http:\/\/www.als-mg.de\/?page_id=1146"},"modified":"2022-07-01T11:50:12","modified_gmt":"2022-07-01T09:50:12","slug":"medienkonzept","status":"publish","type":"page","link":"http:\/\/www.als-mg.de\/index.php\/medienkonzept\/","title":{"rendered":"Medienkonzept"},"content":{"rendered":"\n<p>In unserer heutigen Zeit spielen digitale Medien auch im Leben junger Kinder eine gro\u00dfe und entscheidende Rolle. Sie dienen der Freizeitgestaltung und der Kommunikation, aber auch dem schulischen Lernen. Die Astrid-Lindgren-Schule ist sich ihrer besonderen Aufgabe bewusst, die Sch\u00fcler*innen am digitalen Wandel teilhaben zu lassen und wesentliche Schl\u00fcsselqualifikationen zu vermitteln, um die Kinder zu einem sicheren, kreativen und verantwortungsbewussten Umgang mit digitalen Medien zu bef\u00e4higen. <\/p>\n\n\n\n<p>Der Einsatz digitaler Medien in der Schule bringt viele Potenziale und Chancen mit sich. Die Sch\u00fcler*innen erhalten einen flexiblen und individuellen Zugang zu Informationen, das Lernen kann differenzierter gestaltet werden, der Zugang zu Kultur und Gesellschaft wird erleichtert, die Sch\u00fcler*innen sind st\u00e4rker miteinander vernetzt und die Anzahl an M\u00f6glichkeiten und Zug\u00e4ngen f\u00fcr den Unterricht steigt. Neben diesen positiven Aspekten bergen digitale Medien jedoch auch Gefahren und Risiken. Im Zuge dessen r\u00fccken Themen wie Cybermobbing, Daten- und Identit\u00e4tsmissbrauch, expressive Nutzung und Spielsucht sowie Hetze, Hass und Verherrlichung von Gewalt in den Vordergrund.<\/p>\n\n\n\n<p>Die Astrid-Lindgren-Schule hat es sich daher zur Aufgabe gemacht, die Sch\u00fcler*innen dazu zu bef\u00e4higen, die Chancen und Potenziale zu nutzen und zeitgleich \u00fcber Risiken und Gefahren aufzukl\u00e4ren und sie somit vor negativen Erfahrungen zu bewahren. Unser Ziel ist es, die Kinder auf den Weg zu erfahrenen Mediennutzern zu begleiten und zu unterst\u00fctzen. Wir sind uns unserer wichtigen Rolle in diesem Prozess bewusst, m\u00f6chten aber auch klar darauf hinweisen, dass Sie als Eltern eine mindestens ebenso wichtige Position einnehmen. Daher bieten wir auch Ihnen Beratungsm\u00f6glichkeiten an und m\u00f6chte Ihnen dadurch ihre Verantwortung und Pflichten bewusst machen. Relevante und informative Links erhalten Sie daher am Ende dieser Seite.<\/p>\n\n\n\n<p>Das Medienkonzept der Astrid-Lindgren-Schule orientiert sich an dem Medienkompetenzrahmen NRW sowie an den neuen Richtlinien und Lehrpl\u00e4nen des Landes Nordrhein-Westfalens f\u00fcr die Grundschule. Im Schuljahr 2022\/23 wird das Medienkonzept erstmal erprobt und durchgef\u00fchrt. W\u00e4hrend in Klasse 1 die Nutzung der digitalen Medien beil\u00e4ufig im Regelunterricht stattfindet, wird ab Klasse 2 gezielt alle 14 Tage eine Medienstunde mit Ihrem Kind durchgef\u00fchrt. Die Medienstunden werden abwechselnd mit der H\u00e4lfte der Klasse durchgef\u00fchrt. Die andere H\u00e4lfte der Sch\u00fcler*innen erh\u00e4lt zu dieser Zeit F\u00f6rder- bzw. Forderunterricht. Im Folgenden sehen Sie einen \u00dcberblick \u00fcber die Inhalte bezogen auf die verschiedenen Jahrg\u00e4nge.<\/p>\n\n\n\n<p><\/p>\n\n\n\n<p><strong>Klasse 1:<\/strong>   erste Nutzung von Ipads, Anton-App, Nutzung weiterer einfacher Apps<\/p>\n\n\n\n<p><strong>Klasse 2<\/strong>:   Bedienen und Anwenden von Ipads und Computern, Informieren und Recherchieren im Internet, kleinere, digitale Produkte (z.B. Texte) planen und gestalten<\/p>\n\n\n\n<p><strong>Klasse 3:<\/strong>   digitale Produkte (z.B. Plakate, Pr\u00e4sentationen, Videos) planen und gestalten, gezieltes Informieren und Recherchieren im Internet, reflektierte Mediennutzung, Kommunikationsm\u00f6glichkeiten im Internet<\/p>\n\n\n\n<p><strong>Klasse 4:<\/strong>   kritische Medienbetrachtung, Aufkl\u00e4rung \u00fcber Gefahren, Datenschutz, Programmieren<\/p>\n\n\n\n<p><\/p>\n\n\n\n<p>Um die Arbeit der Sch\u00fcler*innen zu w\u00fcrdigen, werden in regelm\u00e4\u00dfigen Abst\u00e4nde digitale Produkte und Ergebnisse auf unsere Homepage hochgeladen. Diese k\u00f6nnen Sie und Ihre Kinder sich <a href=\"http:\/\/www.als-mg.de\/index.php\/medienstunden\/\">hier<\/a> anschauen.<\/p>\n\n\n\n<p><\/p>\n\n\n\n<p>N\u00fctzliche Links f\u00fcr Eltern:<\/p>\n\n\n\n<p>Worauf muss ich achten, wenn mein Kind das Internet benutzen m\u00f6chte?<\/p>\n\n\n\n<p><a href=\"https:\/\/www.internet-abc.de\/eltern\/internet-abc-fuer-eltern\/\">https:\/\/www.internet-abc.de\/eltern\/internet-abc-fuer-eltern\/<\/a><\/p>\n\n\n\n<p>Was ist der Medienkompetenzrahmen?<\/p>\n\n\n\n<p><a href=\"https:\/\/medienkompetenzrahmen.nrw\/\">https:\/\/medienkompetenzrahmen.nrw\/<\/a><\/p>\n","protected":false},"excerpt":{"rendered":"<p>In unserer heutigen Zeit spielen digitale Medien auch im Leben junger Kinder eine gro\u00dfe und entscheidende Rolle. Sie dienen der Freizeitgestaltung und der Kommunikation, aber auch dem schulischen Lernen. Die Astrid-Lindgren-Schule ist sich ihrer besonderen Aufgabe bewusst, die Sch\u00fcler*innen am digitalen Wandel teilhaben zu lassen und wesentliche Schl\u00fcsselqualifikationen zu vermitteln, um die Kinder zu einem &hellip; <a href=\"http:\/\/www.als-mg.de\/index.php\/medienkonzept\/\" class=\"more-link\"><span class=\"screen-reader-text\">Medienkonzept<\/span> weiterlesen<\/a><\/p>\n","protected":false},"author":2,"featured_media":0,"parent":0,"menu_order":0,"comment_status":"closed","ping_status":"closed","template":"","meta":[],"_links":{"self":[{"href":"http:\/\/www.als-mg.de\/index.php\/wp-json\/wp\/v2\/pages\/1146"}],"collection":[{"href":"http:\/\/www.als-mg.de\/index.php\/wp-json\/wp\/v2\/pages"}],"about":[{"href":"http:\/\/www.als-mg.de\/index.php\/wp-json\/wp\/v2\/types\/page"}],"author":[{"embeddable":true,"href":"http:\/\/www.als-mg.de\/index.php\/wp-json\/wp\/v2\/users\/2"}],"replies":[{"embeddable":true,"href":"http:\/\/www.als-mg.de\/index.php\/wp-json\/wp\/v2\/comments?post=1146"}],"version-history":[{"count":9,"href":"http:\/\/www.als-mg.de\/index.php\/wp-json\/wp\/v2\/pages\/1146\/revisions"}],"predecessor-version":[{"id":1168,"href":"http:\/\/www.als-mg.de\/index.php\/wp-json\/wp\/v2\/pages\/1146\/revisions\/1168"}],"wp:attachment":[{"href":"http:\/\/www.als-mg.de\/index.php\/wp-json\/wp\/v2\/media?parent=1146"}],"curies":[{"name":"wp","href":"https:\/\/api.w.org\/{rel}","templated":true}]}}